1150?
True
Does 3 divide 6015862?
False
Is 3386 a factor of 3954837842?
True
Is 1457 a factor of 161224165?
False
Does 131 divide 707865574?
True
Does 84 divide 118242348?
True
Is 220 a factor of 60587560?
True
Does 101 divide 228171968?
False
Is 78 a factor of 26209803?
False
Is 6210 a factor of 5840996280?
False
Does 214 divide 122798484?
False
Is 2757 a factor of 15444851?
False
Is 320 a factor of 33363520?
True
Is 700 a factor of 1254132600?
True
Does 2 divide 3631762?
True
Is 6 a factor of 33288885?
False
Does 2650 divide 2932723200?
True
Is 61708140 a multiple of 180?
True
Does 510 divide 14930760?
True
Is 242 a factor of 3934235?
False
Is 423 a factor of 486611586?
True
Does 752 divide 119217460?
False
Is 359 a factor of 734017503?
True
Is 63 a factor of 38906155?
False
Is 216352055 a multiple of 327?
False
Is 54213108 a multiple of 834?
False
Is 30 a factor of 104453981?
False
Does 12 divide 171153204?
True
Does 65 divide 72621730?
False
Does 1495 divide 2049009979?
False
Is 31693651 a multiple of 20?
False
Is 6 a factor of 46566662?
False
Is 55 a factor of 340327075?
True
Does 1504 divide 408293888?
True
Is 4 a factor of 8376878?
False
Does 11 divide 61855393?
False
Is 352 a factor of 1881088?
True
Is 2288176539 a multiple of 11790?
False
Is 4291 a factor of 2130155183?
False
Is 34885864 a multiple of 6?
False
Is 12713104 a multiple of 47?
False
Is 777645 a multiple of 172?
False
Is 380158822 a multiple of 67?
False
Is 352 a factor of 35376704?
True
Does 3 divide 201901466?
False
Does 185 divide 389543955?
True
Is 3094 a factor of 44272046?
True
Is 29256900 a multiple of 12?
True
Is 48 a factor of 432610538?
False
Is 20766851 a multiple of 16?
False
Does 26 divide 573953680?
False
Is 13 a factor of 34578225?
False
Does 219 divide 49995381?
False
Does 2586 divide 487820454?
True
Is 233 a factor of 9725653?
True
Is 173755733 a multiple of 6?
False
Is 4 a factor of 38415498?
False
Does 276 divide 54464460?
True
Is 4 a factor of 28368820?
True
Does 270 divide 4117030?
False
Does 11 divide 28692675?
True
Does 733 divide 181278963?
True
Is 81459508 a multiple of 86?
False
Does 35 divide 422275280?
True
Does 55 divide 4165636365?
True
Does 125 divide 245182340?
False
Does 1398 divide 243865897?
False
Is 2 a factor of 41284425?
False
Does 43 divide 60272756?
True
Is 2641 a factor of 79850635?
True
Is 56 a factor of 15475936?
True
Is 192430203 a multiple of 1029?
True
Is 55643868 a multiple of 7?
True
Is 65938918 a multiple of 6?
False
Does 1033 divide 796417175?
True
Does 125 divide 16573334?
False
Does 53 divide 685397285?
False
Does 17 divide 158455491?
False
Is 572064275 a multiple of 1106?
False
Is 633 a factor of 537076302?
False
Is 457 a factor of 1042323283?
False
Is 6 a factor of 33816834?
True
Is 2192139816 a multiple of 291?
False
Does 275 divide 309924190?
False
Is 48410752 a multiple of 188?
True
Is 50 a factor of 7261250?
True
Does 1745 divide 61302926?
False
Does 1887 divide 517538055?
True
Does 35 divide 11883025?
True
Is 4 a factor of 39534936?
True
Does 72 divide 19801240?
False
Is 891 a factor of 34560108?
True
Is 5336600 a multiple of 7?
False
Is 12771276 a multiple of 80?
False
Is 75 a factor of 92448798?
False
Is 239 a factor of 1566900297?
False
Does 426 divide 159087080?
False
Is 42 a factor of 1216451250?
True
Is 1431941652 a multiple of 1893?
False
Is 910 a factor of 339558132?
False
Is 18995228 a multiple of 651?
False
Is 3 a factor of 31595231?
False
Does 343 divide 7442526?
False
Does 964 divide 632335371?
False
Does 4 divide 48839658?
False
Is 19837278 a multiple of 74?
False
Is 4 a factor of 323505167?
False
Is 119669184 a multiple of 825?
False
Is 107749174 a multiple of 690?
False
Is 85 a factor of 40299860?
True
Is 933 a factor of 8004154825?
False
Does 691 divide 111380011?
False
Is 108 a factor of 104909375?
False
Is 487 a factor of 32081346?
False
Does 1179 divide 184919849?
False
Does 12812 divide 2377497216?
True
Does 127 divide 464858345?
False
Does 2264 divide 37209395?
False
Is 18 a factor of 47931048?
True
Is 11 a factor of 58160454?
True
Is 1085082539 a multiple of 23?
False
Is 225 a factor of 111843369?
False
Is 126934368 a multiple of 11?
True
Is 1605 a factor of 1121782836?
False
Is 118980457 a multiple of 126?
False
Does 743 divide 102778447?
True
Is 45 a factor of 342271631?
False
Is 1654417430 a multiple of 2143?
True
Is 15611141 a multiple of 133?
True
Does 611 divide 2770762800?
True
Is 153853713 a multiple of 117?
True
Is 1807915 a multiple of 115?
True
Is 14 a factor of 414701084?
True
Is 43 a factor of 7086439669?
False
Does 3877 divide 3465987599?
True
Is 27 a factor of 181803501?
True
Does 90 divide 4463488?
False
Does 1042 divide 956064176?
True
Is 20 a factor of 764209327?
False
Is 10363383 a multiple of 106?
False
Is 31 a factor of 742554479?
False
Is 197860425 a multiple of 34?
False
Does 62 divide 4256590458?
False
Is 528 a factor of 754688975?
False
Does 464 divide 230546729?
False
Is 49799222 a multiple of 15?
False
Does 122 divide 678597?
False
Is 609047679 a multiple of 2502?
False
Is 3993 a factor of 387753062?
False
Does 47 divide 36636626?
False
Does 8 divide 678658128?
True
Is 26712696 a multiple of 8?
True
Does 85 divide 2829844?
False
Is 1522911249 a multiple of 4440?
False
Does 96 divide 52047936?
True
Is 39877747 a multiple of 2197?
True
Is 92148168 a multiple of 28?
True
Does 53 divide 53050727?
False
Is 73447694 a multiple of 61?
False
Does 820 divide 4105076620?
True
Is 134 a factor of 187713779?
False
Is 19282501 a multiple of 281?
True
Is 24 a factor of 318373464?
True
Is 16831019 a multiple of 6?
False
Does 59 divide 16684433?
True
Is 10768 a factor of 376168696?
False
Is 78304004 a multiple of 1799?
False
Is 275832751 a multiple of 3203?
True
Is 113 a factor of 45470349?
False
Does 7 divide 4879049?
True
Is 50 a factor of 1056138841?
False
Is 105 a factor of 230637960?
True
Is 1241 a factor of 263894927?
True
Does 168 divide 159658359?
False
Does 307 divide 21578660?
False
Is 127 a factor of 90515249?
False
Does 1948 divide 63373195?
False
Is 1886744530 a multiple of 262?
True
Does 1131 divide 7019622?
False
Does 1784 divide 287509591?
False
Is 8389251 a multiple of 31?
True
Does 1060 divide 527800500?
True
Is 1763 a factor of 142319799?
False
Is 1732332312 a multiple of 3204?
True
Is 8 a factor of 43356886?
False
Is 54 a factor of 94650204?
False
Is 432 a factor of 512630877?
False
Does 30 divide 5170410?
True
Does 868 divide 196104420?
False
Is 15262877 a multiple of 89?
True
Does 3669 divide 52210414?
False
Does 5842 divide 4292275134?
True
Does 34 divide 19011407?
False
Is 22 a factor of 10626792?
True
Is 775 a factor of 304845228?
False
Is 806459625 a multiple of 40?
False
Does 211 divide 296916457?
True
Is 671 a factor of 65507046?
True
Is 464 a factor of 95290773?
False
Does 10 divide 284266710?
True
Is 53193872 a multiple of 404?
True
Is 20908464 a multiple of 32?
False
Is 35 a factor of 1553283619?
False
Does 13 divide 559162682?
True
Does 30 divide 484102096?
False
Is 268 a factor of 17331963?
False
Is 4430 a factor of 197121710?
True
Is 20 a factor of 282808017?
False
Is 8873051 a multiple of 7?
False
Is 78164580 a multiple of 2990?
True
Is 450772 a multiple of 6?
False
Does 3256 divide 1199511853?
False
Is 86780507 a multiple of 311?
True
Is 262 a factor of 103823264?
True
Is 18692517 a multiple of 17?
False
Is 1423 a factor of 105474632?
False
Does 4982 divide 390570249?
False
Is 108 a factor of 207198432?
True
Is 400 a factor of 2529210099?
False
Is 97515468 a multiple of 35?
False
Does 151 divide 191169235?
False
Does 118 divide 39508533?
False
Is 185 a factor of 1891509295?
False
Is 199600926 a multiple of 553?
True
Is 6 a factor of 40808354?
False
Does 26 divide 574409056?
True
Does 13563 divide 867078811?
False
Is 24330735 a multiple of 5?
True
Does 3653 divide 10024210?
False
Is 212353064 a multiple of 518?
True
Is 1467 a factor of 553640957?
False
Does 643 divide 6221889?
False
Does 18 divide 661412115?
False
Is 460 a factor of 122575778?
False
Is 74361615 a multiple of 152?
False
Is 1782 a factor of 1813457646?
True
Is 130 a factor of 17377322?
False
Does 1850 divide 613593810?
False
Is 7 a factor of 378650346?
False
Is 262720 a multiple 